. Suppose 0 = -n*d - 0*r + r - 85, 5*r + 55 = -d. What is the units digit of 1074/10 + (18/d)/(-1)?
8
Suppose 2*g + 1690 + 1289 = 5*y, -3*y = 3*g - 1758. What is the units digit of y?
3
Suppose 5*b - l + 3788 = l, 3*l = -3*b - 2256. Let u = b + 1427. What is the tens digit of u?
7
Let q(b) = 21 - 17*b + 16 + 39 + 20. What is the hundreds digit of q(-28)?
5
Suppose -2*t + 125 = 37. Suppose -v - v = -5*j - t, 2*v + 2*j - 16 = 0. Let i = 65 + v. What is the tens digit of i?
7
What is the thousands digit of 549 + 7662 - -1*(0 - 1 - -2)?
8
Let z = 115 - 12. Let n = -109 + z. Let w(c) = 4*c**2 - 14*c - 6. What is the tens digit of w(n)?
2
Suppose -6*d + 333 + 1107 = 0. Suppose d*h + 525 = 243*h. What is the hundreds digit of h?
1
Let a = 6 - -25. Suppose 2 = -q, 0 = 26*f - a*f + 2*q + 5974. What is the tens digit of f?
9
Let g(n) = 177*n + 3. Let i(q) = q**3 + 16*q**2 + 15*q + 8. Let v be i(-15). Let m = v + -7. What is the units digit of g(m)?
0
Suppose 40801 - 7831 = 6*t. What is the units digit of t?
5
What is the units digit of ((-29304)/396)/(2*1/(-199))?
3
What is the units digit of 42/(-112) - (-7)/(-112)*-240022?
1
Suppose -8*d - 2378 + 40097 - 3919 = 0. What is the tens digit of d?
2
Let d(x) = x - 5. Let a(i) = 143*i + 131. Let v(p) = a(p) + 2*d(p). What is the tens digit of v(8)?
8
Let b = 443554 + -231064. What is the hundreds digit of (-4)/18 - b/(-486)?
4
Let l be (-13)/(78/(-36)) + 1415. Suppose 8*b - l = 555. What is the tens digit of b?
4
Let k = 669 - 634. Suppose -k*s + 63*s = 5460. What is the hundreds digit of s?
1
Suppose 56 + 56 = 4*t + 2*g, t - 35 = -4*g. Let i(j) = 4*j - t + 2*j**2 + 9 + j**3 + 11. What is the hundreds digit of i(4)?
1
Let u(w) = 73*w**2 - 789*w - 22. What is the ten thousands digit of u(-19)?
4
Let j(w) = -10*w - 12 + 98 + 27*w**2 - 10*w - w**2. What is the units digit of j(4)?
2
Let z(n) = -2*n. Let c(j) = -22*j + 6. Let x(b) = 2*c(b) - 18*z(b). What is the tens digit of x(-4)?
4
Let p = -7776 + 11400. Suppose -8*x + p = -0*x. What is the hundreds digit of x?
4
Let x(m) = -1431*m + 3353. What is the units digit of x(-9)?
2
Suppose 513*n - 328*n = 2359375 + 4515410. What is the tens digit of n?
6
Let q = -80 - -89. Let r(o) = 4*o**2 - 13*o - 16. What is the tens digit of r(q)?
9
Let d be -1 + -1 + 6 + -5 - -3. Suppose d*o - 5*r - 2989 = 0, 7*o = 2*o + 3*r + 7482. What is the units digit of o?
7
Suppose 5*k - 2*y + y = -1063, -3*y = 3*k + 645. Let r = -355 - k. Let i = r - -318. What is the units digit of i?
6
What is the tens digit of (-8*5/70)/(4/(-17542))?
0
Suppose -15*g - 20 + 1235 = 0. What is the units digit of ((-114)/(-4))/(g/10 + -8)?
5
Suppose 2*c - 7697 = 2*y + 10715, -9200 = -c + 4*y. What is the tens digit of c?
0
Suppose -61*f = -41*f - 760. What is the tens digit of 480/(-72)*(f/(-10) + -1)?
3
Suppose -b - 3891 = -m + 2208, -3*b + 6111 = m. What is the thousands digit of m?
6
Let d(n) = n**3 - 6*n**2 + 9*n - 2. Let v be d(4). Let o(c) = -28*c**2 + 3*c - 5. Let u be o(v). Let h = u + 172. What is the tens digit of h?
6
Suppose -28*g = -15*g - 26. Suppose -p + 10 + g = 0. What is the units digit of ((-184)/12)/(2/p*-2)?
6
Let z = 32 - 33. Let f be (1 - 2 - 1)/z. Suppose -2*a + 180 = -f*s, -345 = -4*a + 3*s + 11. What is the tens digit of a?
8
Let o be -1 - (0 - -4 - -35). Let x = o + 42. Suppose -2 = m, -2*m = x*a - m - 58. What is the units digit of a?
0
Let r(q) = 26*q + 158. Let g be r(-6). Suppose -t - 4 = -2, -126 = -2*a + g*t. What is the tens digit of a?
6
Suppose -2*u = -5*c - 3719, -3*u + 5*u - 3737 = -c. Suppose 2*k - 3*s - 3759 = 0, -2*s = -3*k + u + 3764. What is the tens digit of k?
7
Suppose -56 = -20*o - 16. Suppose 2*g + 3*s = -o*g + 3636, 3632 = 4*g + 2*s. What is the units digit of g?
6
Suppose -28037 = -5*y - 10*f + 6*f, -5*y + f = -28047. What is the thousands digit of y?
5
Let x = 176 + -166. What is the hundreds digit of ((-15)/3)/x*-444?
2
What is the hundreds digit of 11 + -14 + (-12)/(-9)*58836/8?
8
Let t = -326 - -242. What is the hundreds digit of 603/4*(-224)/t?
4
Let j = 57 - 48. Let n(y) = 37*y + 18. Let z be n(j). Suppose -2*a - 2*w = -142, 5*a + 4*w = 3*w + z. What is the units digit of a?
0
Let a = 3613 + -2643. What is the hundreds digit of a?
9
Suppose 320*n - 3024 = -c + 315*n, 3*c = -5*n + 9062. What is the thousands digit of c?
3
Let k be 4/(-6)*((-54405)/10)/9. Let o = k - 103. What is the hundreds digit of o?
3
Suppose 2*o = -o + 9. Suppose -4*s + 5*s + o*h = 1009, -3*s + 4*h = -3079. What is the units digit of s?
1
Suppose 0 = 211*m - 61*m - 648176 - 633124. What is the thousands digit of m?
8
Let i(f) = -8*f**2 - 9*f - 26. Let o(w) = 2*w**2 - w - 1. Let p(n) = i(n) + 6*o(n). What is the tens digit of p(-9)?
2
Suppose 0*x = 7*x - 231. Suppose 0 = 3*i + 72 + x. Let s = i + 94. What is the tens digit of s?
5
Suppose -5*p - 5*q = 390, p + 2*q = 6*q - 88. Let m = 0 - p. What is the tens digit of m?
8
Let x(l) = 118*l - 689. What is the hundreds digit of x(15)?
0
Suppose -20*y + 29767 = -18*y + b, 5*b - 29755 = -2*y. What is the hundreds digit of y?
8
Let k(w) = -w + 12. Suppose -2*d - 2 = -4, 0 = -3*j - 4*d + 34. Let l be k(j). Suppose y + 4*z - 23 + l = 0, 0 = -2*y - z + 56. What is the tens digit of y?
2
Suppose 19*v + 0*v - 4*v = 0. Suppose v = 2*y + 6, 2*y = 5*i - 0*i - 3556. What is the hundreds digit of i?
7
Suppose 0 = w + b + 1, 2*w + b - 3 = -1. Suppose -1 = -w*v + 8. Suppose 0 = -v*r + 330 + 108. What is the units digit of r?
6
Suppose 13*q + 19*q = 10144. What is the tens digit of (1 + -7)/((-2)/q)?
5
Let y be (-45)/6*-4 - (-4 - -1). Suppose 43*n = y*n + 820. What is the units digit of n?
2
Let i = 15548 - -30213. What is the ten thousands digit of i?
4
Suppose 0 = 2*m - 3*z - 5811, 0*z + z + 8720 = 3*m. Suppose 751 = -4*f + m. What is the hundreds digit of f?
5
Suppose -4*d + 13 + 15 = 0. Let v = 34 - d. Let b = v - -170. What is the units digit of b?
7
Let r(j) = -j**3 - 26*j**2 - 108*j + 89. What is the units digit of r(-32)?
9
What is the units digit of (13/(260/76))/(2/3530)?
7
Let d = 34 + -184. Let k = 48 - d. What is the tens digit of k?
9
Let w(n) = 10*n**2 - 4*n + 3. Suppose -10 - 4 = -4*l + 2*u, 5*u + 25 = 0. Let j be w(l). Suppose 4*r - j*r = -250. What is the units digit of r?
0
Let b = -52763 + 95213. What is the hundreds digit of b?
4
Suppose 0 = 15*i - 19*i + 3000. Suppose -3*t - 2*t + 3*k = -1250, -i = -3*t + k. Suppose 10*q = 330 + t. What is the tens digit of q?
5
Let d be 3/(-2)*4/(-3). Suppose d*j = -2*p + j + 1557, -4*p + 4*j = -3108. Let s = -526 + p. What is the units digit of s?
2
Let n(d) = -4*d**3 + 2*d**2 - 19*d + 64. Let q be n(8). Let p = -1116 - q. What is the units digit of p?
2
Suppose -109 = -5*i - 79. Suppose -1 + 3 = -x, 3*x = -5*o + 2169. Suppose 0 = i*y - o - 147. What is the tens digit of y?
9
Suppose 26437 = 35*k - 27988. Let z = -1034 + k. What is the units digit of z?
1
Let h(b) = -674*b**3 + 11*b**2 - 16*b + 11. Let z(o) = -135*o**3 + 2*o**2 - 3*o + 2. Let r(p) = -2*h(p) + 11*z(p). What is the tens digit of r(-1)?
3
Let f(d) = 1046*d**2 + 307*d + 37. What is the ten thousands digit of f(6)?
3
What is the ten thousands digit of 4/30 - (-11)/990*975138?
1
Suppose 30*i - 26579 - 1540 = 9*i. What is the tens digit of i?
3
Let a(n) = 268*n**3 + 19*n**2 - 43*n + 4. What is the units digit of a(3)?
2
Suppose 2*n - l - 2*l - 23 = 0, -3*n = -2*l - 22. Suppose -2*z = -3*v - 1063, -n*v + 2*v = z - 528. What is the hundreds digit of z?
5
Suppose -14*m = -17*m + 3*b + 18, m = -4*b + 11. What is the hundreds digit of 4/(-7) + (-3 - (-2153)/m)?
3
Let u be ((-2)/(-3))/(11 - 1677/153). Suppose 5*k - 8 = u, 3*f - 1322 = 5*k. What is the units digit of f?
9
Let b(a) = 20*a - 29. Let j(o) = o + 2. Let p(l) = b(l) + 5*j(l). What is the tens digit of p(2)?
3
Let m = -59 + 65. Suppose 171 = m*d - 2763. What is the tens digit of d?
8
Suppose 0 = 3*j + 6, -3*y + 1695 = 17*j - 20*j. What is the units digit of y?
3
Let o = -11687 + 22138. What is the thousands digit of o?
0
Let c = 46 - 33. Let b = -16238 + 16301. Let y = b + c. What is the units digit of y?
6
What is the ten thousands digit of ((-2252)/10)/((-185)/33300)?
4
Suppose -1268*f + 1263*f = -2*a + 28547, -3*a + 42846 = f. What is the units digit of a?
1
Suppose 0 = 